{"id":22,"date":"2011-12-15T12:19:06","date_gmt":"2011-12-15T11:19:06","guid":{"rendered":"http:\/\/www.ingplan-md.de\/?page_id=22"},"modified":"2025-01-17T11:03:46","modified_gmt":"2025-01-17T09:03:46","slug":"technologischer-stahlbau","status":"publish","type":"page","link":"https:\/\/www.ingplan-md.de\/?page_id=22","title":{"rendered":"Stahlbau"},"content":{"rendered":"<table>\n<tbody>\n<tr>\n<td><\/td>\n<td><\/td>\n<td><\/td>\n<td><\/td>\n<td><\/td>\n<td><\/td>\n<\/tr>\n<\/tbody>\n<\/table>\n<table>\n<tbody>\n<tr>\n<td><a href=\"http:\/\/www.ingplan-md.de\/wp-content\/uploads\/2011\/12\/SAM_7626.jpg\"><img loading=\"lazy\" decoding=\"async\" class=\"alignleft wp-image-252\" src=\"http:\/\/www.ingplan-md.de\/wp-content\/uploads\/2011\/12\/SAM_7626-225x300.jpg\" alt=\"St\u00fctzger\u00fcst\" width=\"300\" height=\"400\" srcset=\"https:\/\/www.ingplan-md.de\/wp-content\/uploads\/2011\/12\/SAM_7626-225x300.jpg 225w, https:\/\/www.ingplan-md.de\/wp-content\/uploads\/2011\/12\/SAM_7626-768x1024.jpg 768w\" sizes=\"auto, (max-width: 300px) 100vw, 300px\" \/><\/a><\/td>\n<td><a href=\"http:\/\/www.ingplan-md.de\/wp-content\/uploads\/2011\/12\/DSC04176-e1461312922421.jpg\"><img loading=\"lazy\" decoding=\"async\" class=\"alignleft wp-image-250\" src=\"http:\/\/www.ingplan-md.de\/wp-content\/uploads\/2011\/12\/DSC04176-e1461312922421-225x300.jpg\" alt=\"Stahlbau\" width=\"300\" height=\"400\" srcset=\"https:\/\/www.ingplan-md.de\/wp-content\/uploads\/2011\/12\/DSC04176-e1461312922421-225x300.jpg 225w, https:\/\/www.ingplan-md.de\/wp-content\/uploads\/2011\/12\/DSC04176-e1461312922421-768x1024.jpg 768w\" sizes=\"auto, (max-width: 300px) 100vw, 300px\" \/><\/a><\/td>\n<td><\/td>\n<td><\/td>\n<\/tr>\n<\/tbody>\n<\/table>\n<table>\n<tbody>\n<tr>\n<td><a href=\"http:\/\/www.ingplan-md.de\/wp-content\/uploads\/2011\/12\/DSC02999.jpg\"><img loading=\"lazy\" decoding=\"async\" class=\"wp-image-272 aligncenter\" src=\"http:\/\/www.ingplan-md.de\/wp-content\/uploads\/2011\/12\/DSC02999-300x225.jpg\" alt=\"Mantelbogentreppe\" width=\"400\" height=\"300\" srcset=\"https:\/\/www.ingplan-md.de\/wp-content\/uploads\/2011\/12\/DSC02999-300x225.jpg 300w, https:\/\/www.ingplan-md.de\/wp-content\/uploads\/2011\/12\/DSC02999-1024x768.jpg 1024w, https:\/\/www.ingplan-md.de\/wp-content\/uploads\/2011\/12\/DSC02999.jpg 2048w\" sizes=\"auto, (max-width: 400px) 100vw, 400px\" \/><\/a><\/td>\n<td><\/td>\n<td><\/td>\n<\/tr>\n<\/tbody>\n<\/table>\n<p>Im Rahmen von Planungsauftr\u00e4gen aus der Industrie werden Begehungen aller Art \u2013 Treppen, Spindeltrepen, Treppent\u00fcrme, Mantelbogentreppen, Notabstiege, Laufstege, Dachrandlaufstege bzw. Dachrandgel\u00e4nder \u2013 im technologischen Stahlbau konstruktiv bearbeitet.<\/p>\n<p>B\u00fchnenkonstruktionen und Unterst\u00fctzungen bis zur Rohrbr\u00fccke geh\u00f6ren ebenso wie Blechbauteile zum Leistungsprofil.<\/p>\n","protected":false},"excerpt":{"rendered":"<p>Im Rahmen von Planungsauftr\u00e4gen aus der Industrie werden Begehungen aller Art \u2013 Treppen, Spindeltrepen, Treppent\u00fcrme, Mantelbogentreppen, Notabstiege, Laufstege, Dachrandlaufstege bzw. Dachrandgel\u00e4nder \u2013 im technologischen Stahlbau konstruktiv bearbeitet. B\u00fchnenkonstruktionen und Unterst\u00fctzungen bis zur Rohrbr\u00fccke geh\u00f6ren ebenso wie Blechbauteile zum Leistungsprofil.<\/p>\n","protected":false},"author":2,"featured_media":0,"parent":6,"menu_order":5,"comment_status":"closed","ping_status":"closed","template":"","meta":{"footnotes":""},"class_list":["post-22","page","type-page","status-publish","hentry"],"_links":{"self":[{"href":"https:\/\/www.ingplan-md.de\/index.php?rest_route=\/wp\/v2\/pages\/22","targetHints":{"allow":["GET"]}}],"collection":[{"href":"https:\/\/www.ingplan-md.de\/index.php?rest_route=\/wp\/v2\/pages"}],"about":[{"href":"https:\/\/www.ingplan-md.de\/index.php?rest_route=\/wp\/v2\/types\/page"}],"author":[{"embeddable":true,"href":"https:\/\/www.ingplan-md.de\/index.php?rest_route=\/wp\/v2\/users\/2"}],"replies":[{"embeddable":true,"href":"https:\/\/www.ingplan-md.de\/index.php?rest_route=%2Fwp%2Fv2%2Fcomments&post=22"}],"version-history":[{"count":26,"href":"https:\/\/www.ingplan-md.de\/index.php?rest_route=\/wp\/v2\/pages\/22\/revisions"}],"predecessor-version":[{"id":339,"href":"https:\/\/www.ingplan-md.de\/index.php?rest_route=\/wp\/v2\/pages\/22\/revisions\/339"}],"up":[{"embeddable":true,"href":"https:\/\/www.ingplan-md.de\/index.php?rest_route=\/wp\/v2\/pages\/6"}],"wp:attachment":[{"href":"https:\/\/www.ingplan-md.de\/index.php?rest_route=%2Fwp%2Fv2%2Fmedia&parent=22"}],"curies":[{"name":"wp","href":"https:\/\/api.w.org\/{rel}","templated":true}]}}